(-16). Suppose -3*x = 4*z - 0*z - 21, -4*z + j = 2*x. Suppose 3*l - 4*p = 133, -2*p = -0*l + x*l - 109. List the prime factors of l.
3, 13
Let m = -18 - -22. Suppose 6*j + m = 5*j. What are the prime factors of -1 - j - (12 + -33)?
2, 3
Suppose 611 - 207 = 2*o. Suppose 2*l - 2*a - o = -2*l, 5*l - 236 = -3*a. List the prime factors of l.
7
Suppose -1 = -p, -9*p - 1792 = -3*z - 4*p. List the prime factors of z.
599
Let w = -20 + -48. Let r = -23 - w. What are the prime factors of r?
3, 5
Let c(b) = -b**3 - 7*b**2 - 11*b - 2. Let i be c(-5). List the prime factors of ((-46)/i)/(20/(-30)).
23
List the prime factors of (-20)/5 + 203 - -1.
2, 5
Suppose -159 - 53 = 4*i. Let u = i - -94. List the prime factors of u.
41
Suppose -3*v = -5*v. Let r = 68 + -64. Suppose 2*a + 59 = 6*w - w, r*w + 3*a - 38 = v. What are the prime factors of w?
11
Let u(r) = r**3 + r**2 - 2*r - 4. Let k be u(3). Let s = k + 12. What are the prime factors of s?
2, 19
List the prime factors of -7 + 46/4*152.
1741
Let y be 1*-4 - (-22)/(-2). List the prime factors of (-5)/(y/(-18))*-9.
2, 3
Let c(f) = 33*f**2 - 28*f + 366. List the prime factors of c(9).
3, 929
Let t = -54 + 143. Suppose 0 = -v + 3, 5*v + t = 3*k - 151. List the prime factors of k.
5, 17
Let a(f) = 366*f - 4. List the prime factors of a(3).
2, 547
Let j = 812 + -145. List the prime factors of j.
23, 29
Let v(m) = m**3 - 13*m**2 + 16*m + 9. What are the prime factors of v(12)?
3, 19
Let u = -137 - -847. Suppose 0*f - 10*f + u = 0. What are the prime factors of f?
71
Let x = 327 - 648. Let f = -227 - x. What are the prime factors of f?
2, 47
Let l = -109 + 236. List the prime factors of l.
127
List the prime factors of (-683)/(-1) + (7 - 8).
2, 11, 31
Let d be ((-6)/(-9))/(4/18). Suppose d*v - i = 2*v + 1, -3*v + 5 = -i. Suppose 0 = -v*a - 2*a + 5*y - 12, 4*y = 2*a + 12. What are the prime factors of a?
2
Let m(y) = -2*y**2 - 23*y - 101. Let x be m(-7). Let f be 380/6 + (-1)/3. Let p = f + x. What are the prime factors of p?
5
Let k be (-5 - 309)*-2*2/8. List the prime factors of 5 + 39/(-9) + k/3.
53
Suppose 2*f - 3*i + 2 = 0, -2 = 2*f - 4*f + i. Suppose f*a = a + 15. List the prime factors of a.
3, 5
Let o be -1 + 21 + (2 - (-3 + 3)). Let l = 39 - o. List the prime factors of l.
17
Suppose 53 - 13 = -5*c. Let v(l) = -l**2 - 7*l + 13. Let d be v(c). Suppose -5*b + 185 = d*z, -3*b + 132 = -5*z - 11. List the prime factors of b.
41
Suppose -21 = -12*y + 5*y. Suppose -o + s = 3*s - 5, o = -y*s + 6. What are the prime factors of o?
3
Let w(l) = -207*l - 37. List the prime factors of w(-5).
2, 499
Let u = -150 - -943. What are the prime factors of u?
13, 61
Let z be ((-9)/30*-148)/((-3)/(-10)). Suppose 220 = 2*n + 3*n + 3*s, -z = -3*n - 5*s. What are the prime factors of n?
41
Suppose 0 = -95*h + 88*h + 4298. List the prime factors of h.
2, 307
Let s(l) = 3*l + 5. Suppose 0 = 4*r - 16. Suppose t + 3*g + g = 0, r*t = 2*g + 18. What are the prime factors of s(t)?
17
Let m(l) = 5*l + 2*l**2 + 3 - 2*l**3 - 2*l - l. What are the prime factors of m(-2)?
23
Let k = -12 - -11. Let g be (2 - -1 - k) + -1. Let s = g + 22. What are the prime factors of s?
5
Let v(s) = s - 1. Let h(p) = 3*p**2 - 16*p - 1. Let w(z) = h(z) + 2*v(z). What are the prime factors of w(8)?
7, 11
Suppose 17590 = -50*u + 55*u. List the prime factors of u.
2, 1759
Let c(v) = -24*v + 109. What are the prime factors of c(-6)?
11, 23
Suppose 10 = -k + 6*k. What are the prime factors of (-8421)/(-168) - (0 - k/(-16))?
2, 5
Let f = 2025 + -1036. List the prime factors of f.
23, 43
Suppose 7*c - 12*c = 40. Let x = c + 56. Suppose 3*v + v = x. List the prime factors of v.
2, 3
Let n(d) = d**3 - 4*d**2 - 6*d + 10. Let v be n(-4). Let z = v - -309. What are the prime factors of z?
5, 43
Let o be (4 - 5)/((-1)/3). Suppose -o*y = -0*y - 6. Suppose 4*i + 3*m - y*m = 78, 8 = -4*m. List the prime factors of i.
2, 5
Suppose 0 = -82*v + 87*v - 5915. What are the prime factors of v?
7, 13
Suppose -1159 + 35 = -h + p, -5*h + 2*p + 5626 = 0. Suppose 0 = 9*u - 386 - h. Suppose -3*r + u = 3*q - 0*r, -232 = -4*q - 2*r. What are the prime factors of q?
2, 3, 5
Suppose 0 = 5*v - 1210 + 330. List the prime factors of v.
2, 11
Let n(j) = j**2 - 11*j - 6. Let f be n(12). Let t be f/(-4)*80/(-30). Suppose -2*z = -6*z - i + 60, t*z = 5*i + 36. List the prime factors of z.
2, 7
Let m = -73 - -76. Let c(k) = k**3 - 2*k**2 + 5*k - 2. What are the prime factors of c(m)?
2, 11
Suppose -4*i - 651 = -5*f - 2370, 0 = 4*i + 5*f - 1689. What are the prime factors of i?
2, 3, 71
Let f be (-1)/(12/616) - 6/9. Let a = f + 80. List the prime factors of a.
2, 7
Let p(j) = -j**3 - 31*j**2 + 39*j - 68. Let n(w) = w**2 - w + 1. Let a(v) = -6*n(v) - p(v). List the prime factors of a(-26).
2, 61
Let o(z) = -z**2 - 68*z + 896. List the prime factors of o(0).
2, 7
Suppose -5*f = 21 - 6. Let z be (-25)/(-10) + f/6. Suppose -26 = -3*o - 3*b + 7, -z*b = -5*o + 20. List the prime factors of o.
2, 3
Let g be (-2 - -2) + 19 - 0. Suppose 3*k - g = -o, -5*o + 26 = 2*k - o. Suppose -k*a - 5*n = 0, 2*n + 8 = 5*a - 20. What are the prime factors of a?
2
Let g(x) = -x**3 + 11*x**2 + 3. Let z be g(11). Let m(c) = 61*c - 15. List the prime factors of m(z).
2, 3, 7
Let z = 3728 - 689. What are the prime factors of z?
3, 1013
Suppose -2*l + 411 = -h, l - 5*l + h = -827. What are the prime factors of l?
2, 13
Let m = -286 + 572. What are the prime factors of m?
2, 11, 13
Let w(b) = 43*b**2 + 5*b - 8. Let v be w(3). Suppose 44 - v = -5*m + 5*z, 5*m - 310 = -3*z. List the prime factors of m.
5, 13
Let l(n) be the first derivative of n**3/3 + 9*n**2 + n - 5. What are the prime factors of l(-19)?
2, 5
Let m be 480/14 - (-2)/(-7). Suppose 0*g = 2*g - m. What are the prime factors of g?
17
Suppose -825 = -17*d + 2847. List the prime factors of d.
2, 3
Let j = -7378 + 11064. What are the prime factors of j?
2, 19, 97
Suppose 0 = 2*f - 3*a - 1251, 5 - 3 = -2*a. Suppose 5*t - 770 = -5*u, -4*u - t = t - f. What are the prime factors of u/8 + (-3)/(-12)?
2, 5
Suppose -6 = -2*m, -286 = -2*h + 11*m - 9*m. List the prime factors of h.
2, 73
Let w = 2 + 4. Let z be 2/(-3) - (-28)/w. Suppose 2*h = -2*h + 5*j + 52, 106 = 5*h + z*j. What are the prime factors of h?
2, 3
Let u = 1898 - 590. What are the prime factors of u?
2, 3, 109
Let v(d) be the third derivative of d**5/60 + 5*d**4/24 + d**3/3 + 8*d**2. List the prime factors of v(4).
2, 19
Let r(d) = -d**2 - 10*d - 14. Suppose -5*h - 9 - 3 = p, 5*h - 9 = 2*p. What are the prime factors of r(p)?
7
Let r(l) be the third derivative of -12*l**2 + 1/15*l**5 + 0*l + 0 + l**3 - 1/4*l**4. What are the prime factors of r(3)?
2, 3
Let v = -55 - -57. Suppose -3*c = v*r - 7*r + 98, 0 = 5*r - 2*c - 97. List the prime factors of r.
19
Suppose 4*w - 5*w = -37. Suppose -s = -15 - w. What are the prime factors of s?
2, 13
Let f(t) = 13 - 3 - 227*t + 188*t. What are the prime factors of f(-2)?
2, 11
Suppose -10*l = -30*l + 15960. List the prime factors of l.
2, 3, 7, 19
Let k be 18*(-2 + 4 + -3). Let w = k + 22. List the prime factors of (w/5)/((-2)/(-20)).
2
Let h(g) = g**3 + 6*g**2 - 5*g + 10. Let p be h(-7). Let r = p - -55. List the prime factors of r.
3, 17
Let r(x) be the third derivative of x**4/24 + x**3/6 - 6*x**2. Let a be r(4). Suppose -4*d + 39 = n, 7 = a*n + d - 112. List the prime factors of n.
23
Suppose 3 + 1 = 2*r. Suppose r*s + 4 = -5*y + 13, -5*y - 3 = -4*s. Suppose 2*a = x + 3*a - 36, s*a = x - 33. What are the prime factors of x?
5, 7
Suppose -2*x = -6*x + 124. Suppose -5*l + 3*l + 94 = 0. Let u = l - x. What are the prime factors of u?
2
Suppose -1 = 4*l + v, 4*l - 4 = 2*v - 2. Suppose l = -2*i - 2 + 6. List the prime factors of 4 - (224/i)/(-2).
2, 3, 5
Let a be ((-6)/5)/(9/(-30)). Suppose 20 = 4*f - a. Suppose m - f - 9 = 0. What are the prime factors of m?
3, 5
Suppose a + 2*a - 2*f - 5 = 0, 0 = -4*f + 20. Let l = 8 - a. Suppose 3*p - l*g - 86 = -14, -p + 26 = g. List the prime factors of p.
5
Suppose 10*v - 3*v + 14 = 0. What are the prime factors of v + (4 + 24)*1?
2, 13
Suppose 8*q - 5*a = 4*q + 281, -134 = -2*q - 4*a. List the prime factors of q.
3, 23
Let n = -27 + 238. What are the prime factors of n?
211
List the prime factors of (2184/18)/(-7)*150/(-4).
2, 5, 13
Let u